{"id":258,"date":"2023-09-19T18:57:11","date_gmt":"2023-09-19T16:57:11","guid":{"rendered":"https:\/\/chezguillaume85.fr\/?page_id=258"},"modified":"2023-09-21T08:22:27","modified_gmt":"2023-09-21T06:22:27","slug":"a-propos","status":"publish","type":"page","link":"https:\/\/chezguillaume85.fr\/index.php\/a-propos\/","title":{"rendered":"A propos"},"content":{"rendered":"\n<div class=\"wp-block-group\"><div class=\"wp-block-group__inner-container is-layout-constrained wp-block-group-is-layout-constrained\"><div class=\"wp-block-image\">\n<figure class=\"alignleft size-large is-resized\"><img data-recalc-dims=\"1\" loading=\"lazy\" decoding=\"async\" src=\"https:\/\/i0.wp.com\/chezguillaume85.fr\/wp-content\/uploads\/2023\/09\/IMG_20230217_152503-1.jpg?resize=224%2C246&#038;ssl=1\" alt=\"\" class=\"wp-image-317\" style=\"width:224px;height:246px\" width=\"224\" height=\"246\" srcset=\"https:\/\/i0.wp.com\/chezguillaume85.fr\/wp-content\/uploads\/2023\/09\/IMG_20230217_152503-1-scaled.jpg?resize=932%2C1024&amp;ssl=1 932w, https:\/\/i0.wp.com\/chezguillaume85.fr\/wp-content\/uploads\/2023\/09\/IMG_20230217_152503-1-scaled.jpg?resize=273%2C300&amp;ssl=1 273w, https:\/\/i0.wp.com\/chezguillaume85.fr\/wp-content\/uploads\/2023\/09\/IMG_20230217_152503-1-scaled.jpg?resize=768%2C844&amp;ssl=1 768w, https:\/\/i0.wp.com\/chezguillaume85.fr\/wp-content\/uploads\/2023\/09\/IMG_20230217_152503-1-scaled.jpg?resize=1398%2C1536&amp;ssl=1 1398w, https:\/\/i0.wp.com\/chezguillaume85.fr\/wp-content\/uploads\/2023\/09\/IMG_20230217_152503-1-scaled.jpg?resize=1863%2C2048&amp;ssl=1 1863w, https:\/\/i0.wp.com\/chezguillaume85.fr\/wp-content\/uploads\/2023\/09\/IMG_20230217_152503-1-scaled.jpg?resize=55%2C60&amp;ssl=1 55w, https:\/\/i0.wp.com\/chezguillaume85.fr\/wp-content\/uploads\/2023\/09\/IMG_20230217_152503-1-scaled.jpg?resize=1320%2C1451&amp;ssl=1 1320w, https:\/\/i0.wp.com\/chezguillaume85.fr\/wp-content\/uploads\/2023\/09\/IMG_20230217_152503-1-scaled.jpg?w=1534&amp;ssl=1 1534w, https:\/\/i0.wp.com\/chezguillaume85.fr\/wp-content\/uploads\/2023\/09\/IMG_20230217_152503-1-scaled.jpg?w=2301&amp;ssl=1 2301w\" sizes=\"auto, (max-width: 224px) 100vw, 224px\" \/><\/figure>\n<\/div><\/div><\/div>\n\n\n\n<p>Je m&rsquo;appelle Guillaume, 56 ans, et je suis l&rsquo;heureux papa de 2 enfants. J&rsquo;exerce le m\u00e9tier d&rsquo;Auxiliaire de Vie ind\u00e9pendant.<\/p>\n\n\n\n<p>Je vis, avec mon chat, dans une maison situ\u00e9e dans la tr\u00e8s belle et reposante ville des Sables d&rsquo;Olonne.<\/p>\n\n\n\n<p>Depuis le mois d&rsquo;avril 2023, j&rsquo;ai ouvert une chambre de mon logement afin d&rsquo;en faire profiter les visiteurs venant d\u00e9couvrir la r\u00e9gion. Je pratique aussi des massages bien-\u00eatre.<\/p>\n","protected":false},"excerpt":{"rendered":"<p>Je m&rsquo;appelle Guillaume, 56 ans, et je suis l&rsquo;heureux papa de 2 enfants. J&rsquo;exerce le m\u00e9tier d&rsquo;Auxiliaire de Vie ind\u00e9pendant. Je vis, avec mon chat, dans une maison situ\u00e9e dans &hellip; <\/p>\n","protected":false},"author":1,"featured_media":266,"parent":0,"menu_order":0,"comment_status":"closed","ping_status":"closed","template":"","meta":{"ngg_post_thumbnail":0,"jetpack_post_was_ever_published":false,"_glsr_average":0,"_glsr_ranking":0,"_glsr_reviews":0,"footnotes":""},"class_list":["post-258","page","type-page","status-publish","has-post-thumbnail","hentry"],"aioseo_notices":[],"jetpack-related-posts":[],"jetpack_sharing_enabled":true,"_links":{"self":[{"href":"https:\/\/chezguillaume85.fr\/index.php\/wp-json\/wp\/v2\/pages\/258","targetHints":{"allow":["GET"]}}],"collection":[{"href":"https:\/\/chezguillaume85.fr\/index.php\/wp-json\/wp\/v2\/pages"}],"about":[{"href":"https:\/\/chezguillaume85.fr\/index.php\/wp-json\/wp\/v2\/types\/page"}],"author":[{"embeddable":true,"href":"https:\/\/chezguillaume85.fr\/index.php\/wp-json\/wp\/v2\/users\/1"}],"replies":[{"embeddable":true,"href":"https:\/\/chezguillaume85.fr\/index.php\/wp-json\/wp\/v2\/comments?post=258"}],"version-history":[{"count":3,"href":"https:\/\/chezguillaume85.fr\/index.php\/wp-json\/wp\/v2\/pages\/258\/revisions"}],"predecessor-version":[{"id":319,"href":"https:\/\/chezguillaume85.fr\/index.php\/wp-json\/wp\/v2\/pages\/258\/revisions\/319"}],"wp:featuredmedia":[{"embeddable":true,"href":"https:\/\/chezguillaume85.fr\/index.php\/wp-json\/wp\/v2\/media\/266"}],"wp:attachment":[{"href":"https:\/\/chezguillaume85.fr\/index.php\/wp-json\/wp\/v2\/media?parent=258"}],"curies":[{"name":"wp","href":"https:\/\/api.w.org\/{rel}","templated":true}]}}